se 8, what is 77321 - 4026?
73273
In base 12, what is b556 - 393?
b183
In base 11, what is 171415 - -6155?
17756a
In base 10, what is 394 - -63317?
63711
In base 5, what is -2134 + -21334300?
-21341434
In base 16, what is -4b5 - -7e31?
797c
In base 9, what is -4 + -358773?
-358777
In base 12, what is 3 + 1612183?
1612186
In base 16, what is 112d8e - f7?
112c97
In base 16, what is 3 - -a8ce1?
a8ce4
In base 10, what is 691 + 248863?
249554
In base 11, what is -323aa7 + -2a?
-324026
In base 14, what is -1 + -4805d94?
-4805d95
In base 2, what is 1000110000010111 + -100100?
1000101111110011
In base 2, what is 1100 + -1001101100001000010101?
-1001101100001000001001
In base 2, what is 100001111 - -101010000010000010?
101010000110010001
In base 5, what is 2200333 + 223?
2201111
In base 2, what is -1000010100000 + -1010110000?
-1001101010000
In base 3, what is 11 + 110020201020222?
110020201021010
In base 11, what is 21427 + -67?
21370
In base 12, what is -2121b5 - 15?
-21220a
In base 15, what is 38 + 83131?
83169
In base 7, what is 1004030 + 31?
1004061
In base 15, what is -27 + 138d?
1366
In base 6, what is -11230421 + 304?
-11230113
In base 3, what is -22002201 + -210011201?
-1002021102
In base 5, what is 21 - 311213144?
-311213123
In base 13, what is 3 + 15cb0b2?
15cb0b5
In base 11, what is 1903327 + a?
1903336
In base 10, what is 544099 - 13?
544086
In base 4, what is 111211023 - 23?
111211000
In base 8, what is 2740055 + -25?
2740030
In base 3, what is 10201022021110210 + 11?
10201022021110221
In base 7, what is -1 - -3462535504?
3462535503
In base 14, what is -11166 - -93a8?
-5b9c
In base 14, what is 1705 + -bad?
936
In base 13, what is -86 - 21b9b6?
-21ba6c
In base 15, what is -1 - 16aa2898?
-16aa2899
In base 3, what is 12 - 22110121001022220?
-22110121001022201
In base 6, what is -354 - -201421425?
201421031
In base 6, what is 205432 + -1304?
204124
In base 6, what is 3414103 - -5?
3414112
In base 16, what is -cb5550 + 10?
-cb5540
In base 5, what is 1001142243 + 2?
1001142300
In base 9, what is -7518 + -3055?
-11574
In base 13, what is -138c8a18 + -4?
-138c8a1c
In base 15, what is -355e8 - 1e?
-35617
In base 7, what is 32 - 31265411?
-31265346
In base 11, what is -19 - -158a7691?
158a7673
In base 11, what is 27a78993 - -3?
27a78996
In base 7, what is -5 - -3021421053?
3021421045
In base 15, what is a7 - 39dae?
-39d07
In base 12, what is 206531 - -3?
206534
In base 8, what is 6271 + 76366?
104657
In base 10, what is 2892376 - -108?
2892484
In base 4, what is 330 + 203122211?
203123201
In base 8, what is 2 + 1022770473?
1022770475
In base 14, what is 9a - 26530?
-26474
In base 3, what is -110212220001 - 10001?
-110220000002
In base 3, what is -110 + -112120110002012?
-112120110002122
In base 13, what is -a - 3ca97ca?
-3ca9807
In base 8, what is 1136607 + -76?
1136511
In base 16, what is -53c + -a463?
-a99f
In base 5, what is 10 - -1011104014204?
1011104014214
In base 8, what is 1 + -47661210?
-47661207
In base 16, what is -5ba0 - c4?
-5c64
In base 9, what is -106482 - -182?
-106300
In base 15, what is -6 + 1716530?
1716529
In base 15, what is -68da79 - 5?
-68da7e
In base 15, what is -2b1a - 152a?
-4145
In base 8, what is -44507200 - -3?
-44507175
In base 2, what is -101000000111011110000000 + -101?
-101000000111011110000101
In base 2, what is -11101011101011010000010 + 100?
-11101011101011001111110
In base 16, what is 60c76 + 7?
60c7d
In base 2, what is 101 - 111110001100101111100?
-111110001100101110111
In base 14, what is -282d0 + 79?
-28255
In base 3, what is 11 - -1010202211012?
1010202211100
In base 3, what is -1020220121120211 - 211?
-1020220121121122
In base 4, what is -200013122012102 + -11?
-200013122012113
In base 4, what is 20320 + -32101222?
-32020302
In base 6, what is 222022 - -21243?
243305
In base 2, what is -100 + -101101110100000010001101?
-101101110100000010010001
In base 11, what is 98676 + -116?
98560
In base 4, what is 3100032 - -2230011?
11330103
In base 8, what is -12016724303 - -4?
-12016724277
In base 2, what is -100 + 11101101011111101110100?
11101101011111101110000
In base 15, what is 3e32d87 - -1?
3e32d88
In base 8, what is -270332650 + 4?
-270332644
In base 8, what is -16253 - -2447?
-13604
In base 2, what is 101010000110010001 - -1000111011011?
101011001101101100
In base 9, what is -2164467 + 171?
-2164286
In base 6, what is -2534142 + 111?
-2534031
In base 3, what is -20022120 + 2021220?
-11000200
In base 14, what is -85 - -8da85?
8da00
In base 12, what is 3 + 41098b?
410992
In base 7, what is 231 - -1341554?
1342115
In base 2, what is -11000100000110110011 + 1001111?
-11000100000101100100
In base 15, what is -94e + -e4a8?
-ee07
In base 9, what is 54757813 - -6?
54757820
In base 3, what is 12100011 + 2202112?
22002200
In base 5, what is -23204330204 - 3?
-23204330212
In base 15, what is -29c - 1a8?
-455
In base 7, what is 4246 - 520633?
-513354
In base 3, what is -11 - -110000101210112?
110000101210101
In base 2, what is 10 + -1111011001010011111101100101?
-1111011001010011111101100011
In base 3, what is 100220201 - 21111?
100122020
In base 13, what is -9 - c77a10?
-c77a19
In base 5, what is -30010014 + -3?
-30010022
In base 5, what is -2044142 + -200324?
-2300021
In base 9, what is -3438724 - 1?
-3438725
In base 8, what is -54534 + 707?
-53625
In base 13, what is -1cc9 + 9c85?
7c89
In base 15, what is -4 - 5b47c3?
-5b47c7
In base 7, what is -362 + 232622?
232230
In base 13, what is -77743564 + -4?
-77743568
In base 11, what is -5976 - -458?
-5519
In base 9, what is 323550 - 81?
323458
In base 12, what is -1646 + 23463?
21a19
In base 13, what is -275a + 34b?
-240c
In base 9, what is 3 - -2853615?
2853618
In base 11, what is 3a - 533582?
-533543
In base 6, what is -4 + -11032253242?
-11032253250
In base 11, what is a997871 - 5?
a997867
In base 11, what is -16 + -529a60?
-529a76
In base 12, what is 883230 - -8?
883238
In base 4, what is 32 + 23022003?
23022101
In base 3, what is -201112100212 - 2120?
-201112110102
In base 6, what is -103253 - -5211?
-54042
In base 12, what is 14 - -23b597?
23b5ab
In base 5, what is -11242 - 3312140?
-3323432
In base 15, what is 96 - 2c0ee?
-2c058
In base 4, what is -22231 - -1303310203?
1303221312
In base 10, what is -4886003 - -19?
-4885984
In base 12, what is -21a2b + -217b?
-23baa
In base 8, what is 30215 + -316?
27677
In base 13, what is 226520 + -51?
22649c
In base 16, what is 2e0 - 89528?
-89248
In base 15, what is 1 - a4d538?
-a4d537
In base 9, what is -86 - -567428?
567332
In base 8, what is -40321 - -20034?
-20265
In base 11, what is 18863283 - 4?
1886327a
In base 15, what is 4 - -3bac15?
3bac19
In base 3, what is 11 + -2022200011?
-2022200000
In base 14, what is 14 - 264bb2a?
-264bb16
In base 13, what is ccc - -7bac?
8bab
In base 6, what is -45 - 5550022?
-5550111
In base 10, what is 3558 - 10357?
-6799
In base 9, what is 110518 - -27?
110546
In base 5, what is -2214241 - -14441?
-2144300
In base 7, what is 330 + -13633561?
-13633231
In base 11, what is 3 + -3a747517?
-3a747514
In base 11, what is -1a99a + 461?
-1a539
In base 14, what is -3 + -6826a01?
-6826a04
In base 5, what is -4204 + 21033?
11324
In base 8, what is 1322 + 5110?
6432
In base 4, what is 130121 - 3212311?
-3022130
In base 2, what is 11110 - -100111000110000001?
100111000110011111
In base 16, what is 34 + 17a733?
17a767
In base 9, what is 44637 + 1436?
46174
In base 3, what is 20000222211200 - 2?
20000222211121
In base 4, what is 10201130 + -1101?
10200023
In base 15, what is -196 - -a465c?
a44b6
In base 9, what is 1535156 + 33?
1535200
In base 12, what is 4 - -2a08365?
2a08369
In base 10, what is 5112153 + 7?
5112160
In base 13, what is 323447c + c?
323448b
In base 7, what is -1533044125 - -4?
-1533044121
In base 6, what is -35 - -2354440?
2354401
In base 6, what is 21431234 + 15?
21431253
In base 3, what is 1021221221122 - -10?
1021221221202
In base 10, what is 42797411 - -5?
42797416
In base 9, what is 83018861 - 3?
83018857
In base 12, what is -2 - 86a53ab?
-86a53b1
In base 16, what is 15 + -a0e8f2?
-a0e8dd
In base 14, what is b - 2195034?
-2195027
In base 3, what is -1001 + -220011002201?
-220011010202
In base 7, what is 2 - -645035452?
645035454
In base 9, what is 21 + 2033137?
2033158
In base 1